
True
Is 12055328401 composite?
True
Is 5711369731 composite?
False
Is 253782701 a composite number?
False
Is 136099475989 composite?
False
Is 37429289479 prime?
False
Is 1138907137 composite?
True
Is 12512291959 composite?
True
Is 76503269 a prime number?
True
Is 116060881 composite?
False
Is 2165508209 a prime number?
False
Is 6444246667 a composite number?
False
Is 55130329 a prime number?
True
Is 707291867 prime?
False
Is 3072942107 a composite number?
False
Is 56866261 composite?
True
Is 1469842417 a prime number?
False
Is 236424611 a composite number?
False
Is 725690426 composite?
True
Is 1955402671 a prime number?
True
Is 238193927 prime?
False
Is 77057688109 a prime number?
False
Is 1585593866 composite?
True
Is 3165960947 a composite number?
False
Is 1461201767 a composite number?
False
Is 945674159 composite?
False
Is 4981499711 a composite number?
True
Is 52997758811 composite?
True
Is 2792226169 a prime number?
False
Is 9797437453 composite?
False
Is 2023925899 a prime number?
False
Is 62295757343 a composite number?
True
Is 817890751 composite?
False
Is 2905278547 a prime number?
True
Is 129417382 a composite number?
True
Is 7754629 a prime number?
False
Is 9192423631 a prime number?
False
Is 3537811 prime?
True
Is 10161748739 a composite number?
True
Is 1172468351 prime?
True
Is 80283975671 a prime number?
True
Is 1794900347 composite?
False
Is 1249740061 prime?
False
Is 463308203 prime?
True
Is 50159246183 a composite number?
False
Is 166402097 prime?
True
Is 232051777 a composite number?
False
Is 39864692041 prime?
False
Is 18846930523 prime?
False
Is 15948788821 composite?
True
Is 86966011751 a composite number?
False
Is 29923892021 prime?
True
Is 6192372103 a prime number?
False
Is 2114564291 prime?
False
Is 294961963 prime?
True
Is 364351291 prime?
False
Is 5325735293 composite?
False
Is 11437552571 a composite number?
False
Is 120320437 a composite number?
False
Is 1856880589 composite?
True
Is 2668794091 a prime number?
False
Is 29525904071 a composite number?
True
Is 1086009341 a prime number?
True
Is 516039317 a composite number?
True
Is 165787717 prime?
True
Is 19437416643 prime?
False
Is 54712523 a prime number?
False
Is 1315249655 composite?
True
Is 101814563649 a prime number?
False
Is 1305779329 prime?
False
Is 469644887 prime?
True
Is 77472179429 a prime number?
True
Is 12569768303 prime?
True
Is 30360272243 a composite number?
True
Is 1473223987 a prime number?
False
Is 5358905063 prime?
True
Is 17914073629 composite?
True
Is 3482411215 composite?
True
Is 1159226707 a composite number?
True
Is 53651841 composite?
True
Is 41032950493 composite?
True
Is 859464691 prime?
True
Is 5099121091 a composite number?
True
Is 45944913939 prime?
False
Is 1349093741 composite?
True
Is 120022991041 prime?
False
Is 2957781569 prime?
False
Is 1681658063 a prime number?
False
Is 36567599 prime?
False
Is 342274237 a prime number?
True
Is 8017294286 prime?
False
Is 1981465859 a prime number?
True
Is 1026253633 composite?
True
Is 1936798799 prime?
False
Is 9620634827 prime?
True
Is 31133614483 a composite number?
True
Is 8950393759 a composite number?
True
Is 15653927789 a composite number?
False
Is 496530841 composite?
True
Is 4264105853 composite?
True
Is 1081606039 a prime number?
True
Is 4801043411 a composite number?
True
Is 1258314929 prime?
True
Is 444916323131 prime?
False
Is 3481026433 a prime number?
True
Is 423465871 prime?
False
Is 431365003 prime?
False
Is 4417445807 prime?
True
Is 98848879 prime?
True
Is 3074490017 composite?
True
Is 715456741 a prime number?
False
Is 2378779001 prime?
True
Is 1166357039 a prime number?
True
Is 1805495415701 a composite number?
False
Is 1706003177 composite?
False
Is 657651217 composite?
False
Is 16303957987 a composite number?
True
Is 974684939 prime?
False
Is 855206969 prime?
True
Is 2382820751 prime?
True
Is 145284439 composite?
True
Is 497612891 composite?
False
Is 3230608219 a composite number?
True
Is 3471191 a prime number?
True
Is 1749770069 a composite number?
True
Is 10988326445 composite?
True
Is 12409762537 composite?
True
Is 552841453 a composite number?
True
Is 1355474999 a prime number?
True
Is 13325156573 a prime number?
False
Is 1237534873 a composite number?
True
Is 20697711401 a prime number?
True
Is 112898081 a prime number?
True
Is 16078928351 a prime number?
False
Is 25558190687 a composite number?
False
Is 280303613 a composite number?
True
Is 2390809939 a composite number?
True
Is 2567509331 composite?
False
Is 9808467293 a prime number?
True
Is 1203163717 composite?
True
Is 400287039 prime?
False
Is 90893894341 a prime number?
True
Is 856993353 composite?
True
Is 26350951273 prime?
True
Is 6062182109 composite?
False
Is 17458939 composite?
False
Is 882637193 composite?
False
Is 950284299 a prime number?
False
Is 391868483 a composite number?
True
Is 24312819703 a prime number?
True
Is 12915824699 a composite number?
False
Is 168630961 a prime number?
True
Is 1309860587 composite?
True
Is 1200054787 prime?
True
Is 2000327437 prime?
True
Is 56532646601 prime?
False
Is 587876867 a composite number?
True
Is 1171526633 a composite number?
True
Is 7443745697 composite?
False
Is 466614517 composite?
True
Is 1276038403 a prime number?
False
Is 17609320067 a composite number?
False
Is 1386856381 a prime number?
True
Is 3081333601 a prime number?
False
Is 2450425127 prime?
True
Is 17555789123 composite?
True
Is 33898633 composite?
True
Is 35669399489 a composite number?
False
Is 634050323 a composite number?
False
Is 743481083 prime?
True
Is 3486953101 prime?
True
Is 720970577 composite?
True
Is 8252427737 composite?
True
Is 626570999 a prime number?
False
Is 305196316877 a composite number?
True
Is 22204896977 prime?
False
Is 13567415353 a composite number?
False
Is 3462592379 a prime number?
True
Is 2765535361 prime?
False
Is 346266799 composite?
True
Is 7042513651 a composite number?
False
Is 11728753417 composite?
True
Is 1879658027 a composite number?
True
Is 48493306331 prime?
False
Is 10861718861 a composite number?
True
Is 171759097 a prime number?
False
Is 6860135435 a composite number?
True
Is 2048853929 a composite number?
False
Is 3213218737 a prime number?
False
Is 8712699581 prime?
False
Is 577026911 composite?
False
Is 37041456091 a prime number?
False
Is 11921404471 prime?
True
Is 2898251 prime?
False
Is 18748996507 a composite number?
False
Is 2008564193 prime?
False
Is 46493588953 composite?
True
Is 2292075817 composite?
False
Is 9249300899 a composite number?
False
Is 246770341 composite?
True
Is 19318262 prime?
False
Is 393829171 a composite number?
True
Is 159260191 prime?
False
Is 1087042223 composite?
False
Is 529444031 composite?
True
Is 47312863753 composite?
False
Is 757141993 composite?
True
Is 1802228173 composite?
False
Is 52269432247 a prime number?
True
Is 208881223 a composite number?
False
Is 1730633851 prime?
False
Is 105669834653 composite?
False
Is 117390523 prime?
True
Is 348766063 composite?
False
Is 20649548431 a composite number?
True
Is 11175547147 prime?
True
Is 20573108861 composite?
False
Is 145893985 a composite number?
True
Is 19139745763 a composite number?
True
Is 43895249 a composite number?
False
Is 42045427 a prime number?
True
Is 141824069 composite?
False
Is 86946919303 a composite number?
False
Is 3724285237 composite?
False
Is 5917590559 prime?
True
Is 598102949 composite?
False
Is 259115438 composite?
True
Is 11966596693 a prime number?
False
Is 4514874281 a prime number?
True
Is 111164873 prime?
True
Is 2763275123 a prime number?
False
Is 169087641 a composite number?
True
Is 112137532727 a prime number?
False
Is 2456239811 prime?
False
Is 49038510662 a composite number?
True
Is 4698957283 prime?
True
Is 1343104415 a prime number?
False
Is 5096082811 a prime number?
False
Is 14594936651 composite?
False
Is 53931721937 prime?
True
Is 1153592143 a composite number?
True
Is 471234341 a composite number?
True
Is 690036803 prime?
False
Is 8837171153 composite?
False
Is 3816227279 a prime number?
False
Is 5365018987 prime?
False
Is 4439044513 prime?
True
Is 33900431497 a composite number?
True
Is 12752182843 a composite number?
False
Is 1321869769 composite?
True
Is 1326965791 composite?
True
Is 3860357783 a prime num